1167 prime?
False
Is 3784381 a composite number?
False
Is 28180487 a composite number?
False
Is 614248987 a composite number?
True
Is 81920753 composite?
False
Is 4880593 a prime number?
True
Is 1329081389 a prime number?
True
Is 92738089 a composite number?
True
Is 136401071 a prime number?
True
Is 4087103 a composite number?
True
Is 77439437 a composite number?
True
Is 100284757 a composite number?
False
Is 9935683 composite?
True
Is 48398327 prime?
False
Is 53236558 a composite number?
True
Is 2314439 composite?
False
Is 9603599 prime?
True
Is 53810707 a prime number?
False
Is 8349487 a composite number?
False
Is 96077 prime?
False
Is 17023309 prime?
False
Is 40560141 a prime number?
False
Is 12714127 a composite number?
False
Is 3956947 a prime number?
False
Is 41934085 a composite number?
True
Is 74932469 a composite number?
True
Is 49490309 a prime number?
False
Is 3250229 composite?
False
Is 45967763 a composite number?
False
Is 990608219 composite?
True
Is 134933 prime?
False
Is 256074347 prime?
True
Is 16642579 a composite number?
True
Is 79500859 prime?
False
Is 190992701 prime?
True
Is 471131 composite?
True
Is 7151981 a composite number?
False
Is 62350511 a composite number?
True
Is 255619295 prime?
False
Is 630577 a prime number?
True
Is 709067857 composite?
False
Is 6756307 composite?
True
Is 30614767 prime?
True
Is 84195199 a composite number?
True
Is 251747 composite?
True
Is 50150693 a composite number?
True
Is 45252349 composite?
False
Is 3230057 a composite number?
True
Is 6096751 a prime number?
True
Is 2831107 prime?
False
Is 140574041 composite?
True
Is 200056207 composite?
True
Is 34008497 a prime number?
True
Is 8236433 a composite number?
False
Is 5295655 prime?
False
Is 11106391 a composite number?
True
Is 6003383 prime?
False
Is 6910069 composite?
False
Is 5670373 a prime number?
True
Is 196465861 composite?
False
Is 228810581 prime?
True
Is 8888287 prime?
False
Is 11237761 a composite number?
True
Is 5410499 composite?
True
Is 22222633 composite?
True
Is 5314957 composite?
True
Is 7952797 composite?
False
Is 121805551 a composite number?
True
Is 1356951379 a composite number?
True
Is 979487 prime?
False
Is 1485191 prime?
True
Is 14660603 prime?
False
Is 258621401 a composite number?
True
Is 63095939 a composite number?
True
Is 55169291 composite?
False
Is 19048079 a composite number?
False
Is 281509 a composite number?
False
Is 24634619 composite?
True
Is 19459873 a composite number?
False
Is 71649173 a prime number?
True
Is 4071599 a prime number?
False
Is 1566559 a prime number?
True
Is 37025617 prime?
False
Is 831461 composite?
False
Is 105498791 prime?
True
Is 4946959 a prime number?
False
Is 11064293 prime?
False
Is 157601 a prime number?
False
Is 7718167 prime?
False
Is 5311577 a composite number?
False
Is 9535945 a prime number?
False
Is 644369 prime?
False
Is 425075435 a prime number?
False
Is 475719 a prime number?
False
Is 3390347 a prime number?
False
Is 39098473 prime?
True
Is 7941511 prime?
False
Is 261151 a prime number?
False
Is 9080003 prime?
False
Is 16046771 composite?
True
Is 25067 a composite number?
True
Is 11586793 prime?
False
Is 863017798 a composite number?
True
Is 16285699 a composite number?
True
Is 2548459 prime?
True
Is 1285099 prime?
True
Is 4973897 a composite number?
False
Is 38814889 prime?
True
Is 12205301 a composite number?
True
Is 14070113 prime?
False
Is 251682097 a prime number?
False
Is 57735751 composite?
True
Is 61985447 composite?
False
Is 200702471 a composite number?
True
Is 13923649 prime?
True
Is 568280833 prime?
True
Is 2900201 a prime number?
False
Is 28099009 prime?
True
Is 3698477 a composite number?
True
Is 1362379 a composite number?
True
Is 13456393 a prime number?
False
Is 31994483 composite?
False
Is 6944989 a composite number?
False
Is 24426821 a prime number?
True
Is 38887309 composite?
True
Is 1661017 a composite number?
True
Is 1575029 prime?
True
Is 2515189 a composite number?
False
Is 931885 prime?
False
Is 2604769 composite?
False
Is 361472829 a prime number?
False
Is 8598923 composite?
True
Is 66877021 prime?
True
Is 3750529 a composite number?
False
Is 4026847 a composite number?
True
Is 1533739 composite?
True
Is 22464847 a prime number?
False
Is 2749801 a composite number?
True
Is 133943111 prime?
True
Is 6380123 composite?
True
Is 27819095 a prime number?
False
Is 19913617 a composite number?
False
Is 71421533 a composite number?
False
Is 7901539 prime?
True
Is 324229391 a prime number?
True
Is 967427 prime?
True
Is 52288673 a composite number?
False
Is 97625681 composite?
True
Is 4689923 a composite number?
True
Is 253889327 a composite number?
True
Is 8040691 prime?
True
Is 41436667 a prime number?
False
Is 15286147 a composite number?
False
Is 25505626 composite?
True
Is 25651243 a composite number?
False
Is 73366303 a prime number?
True
Is 9642637 prime?
True
Is 451411 composite?
False
Is 35083981 a composite number?
False
Is 276442511 prime?
True
Is 20224901 prime?
True
Is 435709 composite?
False
Is 96106873 composite?
False
Is 18123031 prime?
False
Is 320294395 a prime number?
False
Is 7492021 prime?
False
Is 69057133 composite?
True
Is 8180611 composite?
False
Is 102130571 a prime number?
True
Is 117223861 prime?
False
Is 541151183 a composite number?
False
Is 12566903 composite?
False
Is 126211263 prime?
False
Is 3446183 a prime number?
False
Is 17820781 a composite number?
True
Is 4225069 a prime number?
True
Is 20086447 a composite number?
True
Is 42431551 a composite number?
True
Is 17853097 composite?
False
Is 84007361 a prime number?
True
Is 4434799 a prime number?
True
Is 9626641 a prime number?
False
Is 951289 prime?
False
Is 246577099 a composite number?
False
Is 2729861 a composite number?
False
Is 135958613 a prime number?
False
Is 46307137 prime?
True
Is 99749083 a composite number?
True
Is 73622677 prime?
False
Is 202227901 a prime number?
True
Is 7176457 prime?
True
Is 19529681 a composite number?
False
Is 2675347 composite?
False
Is 105525551 a composite number?
False
Is 2923295 a composite number?
True
Is 1497759 prime?
False
Is 1452169 a prime number?
True
Is 3638113 prime?
True
Is 40877743 a prime number?
False
Is 80396057 a composite number?
True
Is 5911 a prime number?
False
Is 391996589 prime?
True
Is 381968593 composite?
False
Is 71278751 composite?
True
Is 5484847 composite?
False
Is 47360017 composite?
False
Is 16448303 prime?
False
Is 724361 composite?
True
Is 27428537 a composite number?
False
Is 32997361 a composite number?
True
Is 9251497 composite?
True
Is 12081703 composite?
False
Is 7478587 a prime number?
True
Is 4538141 prime?
False
Is 4606783 prime?
True
Is 437977 a composite number?
False
Is 344794777 prime?
True
Is 217417 prime?
False
Is 28860197 a prime number?
True
Is 8389669 prime?
True
Is 294653531 prime?
True
Is 54760463 composite?
False
Is 247397201 a composite number?
False
Is 18223757 a prime number?
True
Is 8060095 composite?
True
Is 146516457 prime?
False
Is 6805907 a prime number?
False
Is 25450201 prime?
False
Is 25638677 composite?
False
Is 216474287 composite?
False
Is 4464653 a composite number?
True
Is 12034427 a prime number?
True
Is 18124201 a composite number?
False
Is 45756317 prime?
True
Is 569938615 composite?
True
Is 3475141 composite?
False
Is 1189379 composite?
True
Is 17271481 composite?
True
Is 12167459 prime?
True
Is 157729841 a prime number?
True
Is 9828493 a composite number?
False
Is 52066921 a composite number?
False
Is 123062831 a prime number?
True
Is 9694631 a composite number?
True
Is 469279 a composite number?
False
Is 1593005 prime?
False
Is 30753887 a prime number?
True
Is 44993199 composite?
True
Is 84866479 a prime number?
True
Is 48962909 composite?
True
Is 44080963 a prime number?
False
Is 9832309 a composite number?
False
Is 26495767 composite?
False
Is 205330049 a composite number?
True
Is 1470533 composite?
True
Is 18442685 a prime number?
False
Is 85883 a composite number?
True
Is 1264135 prime?
False
Is 8664157 a prime number?
True
Is 17520419 composite?
True
Is 805027 a composite number?
False
Is 51395681 prime?
True
Is 169687085 composite?
True
Is 24022733 a composite number?
True
Is 2386739 a composite number?
False
Is 1572968913 a prime number?
False
